13) to base 16.
21
What is -11 (base 9) in base 2?
-1010
Convert -3 (base 15) to base 11.
-3
-100 (base 2) to base 7
-4
What is -142 (base 11) in base 8?
-247
What is -15 (base 8) in base 13?
-10
20 (base 5) to base 14
a
What is 3123 (base 5) in base 7?
1130
Convert -1001111 (base 2) to base 12.
-67
What is -1122 (base 5) in base 14?
-b8
Convert 3 (base 10) to base 11.
3
-12 (base 11) to base 10
-13
Convert -45 (base 7) to base 4.
-201
Convert 1122 (base 3) to base 8.
54
What is 8 (base 13) in base 5?
13
Convert -11a (base 11) to base 10.
-142
20 (base 3) to base 6
10
What is -1 (base 9) in base 5?
-1
Convert 6 (base 10) to base 4.
12
What is 148 (base 10) in base 13?
b5
-12 (base 4) to base 3
-20
What is 336 (base 8) in base 7?
435
What is 111 (base 2) in base 15?
7
Convert 35 (base 7) to base 4.
122
27 (base 8) to base 4
113
What is 10 (base 5) in base 3?
12
Convert -1111011 (base 2) to base 10.
-123
4 (base 9) to base 3
11
What is -1112 (base 4) in base 15?
-5b
Convert 2 (base 10) to base 7.
2
What is -100 (base 2) in base 14?
-4
What is -244 (base 5) in base 13?
-59
-4 (base 9) to base 10
-4
Convert -156 (base 8) to base 10.
-110
Convert -101101 (base 2) to base 3.
-1200
What is 9d (base 15) in base 14?
a8
Convert -47 (base 9) to base 15.
-2d
What is -2 (base 7) in base 11?
-2
5 (base 15) to base 8
5
Convert -15 (base 8) to base 7.
-16
Convert -14 (base 12) to base 5.
-31
Convert 11 (base 3) to base 4.
10
-10 (base 4) to base 7
-4
What is -300 (base 6) in base 2?
-1101100
Convert 2 (base 15) to base 14.
2
What is -6 (base 8) in base 12?
-6
Convert -72 (base 12) to base 6.
-222
What is -16 (base 15) in base 11?
-1a
Convert -42 (base 5) to base 13.
-19
11010 (base 2) to base 11
24
What is 84 (base 16) in base 3?
11220
-1 (base 3) to base 15
-1
What is -74 (base 9) in base 2?
-1000011
Convert 4 (base 15) to base 11.
4
Convert -1 (base 12) to base 16.
-1
What is 10 (base 4) in base 3?
11
-2 (base 5) to base 15
-2
What is 4 (base 11) in base 8?
4
Convert 6e (base 16) to base 14.
7c
What is -1 (base 7) in base 14?
-1
Convert -7 (base 14) to base 15.
-7
Convert -8 (base 12) to base 7.
-11
17a (base 11) to base 15
dd
What is -2 (base 10) in base 16?
-2
Convert -96 (base 11) to base 7.
-210
1 (base 13) to base 4
1
What is -51 (base 6) in base 2?
-11111
Convert 110 (base 2) to base 13.
6
What is 22 (base 3) in base 13?
8
What is -181 (base 11) in base 14?
-110
Convert 1 (base 12) to base 7.
1
1 (base 15) to base 7
1
What is 52 (base 6) in base 4?
200
What is -5 (base 8) in base 6?
-5
-1 (base 2) to base 13
-1
What is 6 (base 11) in base 4?
12
Convert -b (base 16) to base 15.
-b
What is -3 (base 9) in base 14?
-3
What is -20 (base 16) in base 4?
-200
Convert -5 (base 7) to base 16.
-5
-13 (base 14) to base 16
-11
Convert 8 (base 10) to base 12.
8
-224 (base 7) to base 13
-8c
What is 7 (base 10) in base 16?
7
What is -60 (base 13) in base 12?
-66
-2 (base 15) to base 13
-2
2 (base 12) to base 3
2
Convert 19 (base 10) to base 6.
31
Convert -10 (base 6) to base 9.
-6
100 (base 3) to base 4
21
Convert -21211 (base 3) to base 8.
-323
-1 (base 11) to base 16
-1
What is 243 (base 7) in base 16?
81
9 (base 16) to base 14
9
1 (base 13) to base 15
1
-12 (base 4) to base 10
-6
What is -49 (base 15) in base 8?
-105
-12 (base 3) to base 8
-5
What is 0 (base 8) in base 5?
0
What is 10 (base 6) in base 16?
6
-3 (base 6) to base 2
-11
2a (base 16) to base 15
2c
Convert -140 (base 9) to base 13.
-90
What is 2 (base 14) in base 15?
2
c (base 13) to base 9
13
-1 (base 9) to base 4
-1
What is -5b (base 13) in base 9?
-84
Convert -10 (base 13) to base 8.
-15
Convert 3 (base 14) to base 12.
3
Convert 1 (base 7) to base 11.
1
What is 10 (base 7) in base 6?
11
Convert -1 (base 15) to base 4.
-1
Convert -11 (base 13) to base 8.
-16
5 (base 13) to base 2
101
What is -1 (base 9) in base 3?
-1
b (base 14) to base 10
11
What is -57 (base 12) in base 15?
-47
Convert -20 (base 12) to base 10.
-24
What is -10010 (base 3) in base 16?
-54
Convert 235 (base 8) to base 7.
313
What is 2 (base 8) in base 5?
2
12 (base 4) to base 9
6
What is -73 (base 9) in base 8?
-102
36 (base 7) to base 5
102
Convert 513 (base 6) to base 14.
d7
-3 (base 5) to base 7
-3
Convert 11 (base 12) to base 5.
23
Convert -1002 (base 3) to base 4.
-131
What is -1202 (base 3) in base 13?
-38
-201 (base 3) to base 14
-15
Convert -1 (base 15) to base 2.
-1
-1 (base 7) to base 10
-1
3 (base 15) to base 13
3
0 (base 14) to base 3
0
What is -56 (base 7) in base 16?
-29
What is -10 (base 11) in base 2?
-1011
What is 540 (base 7) in base 9?
333
Convert -12 (base 14) to base 7.
-22
What is -c9 (base 16) in base 8?
-311
115 (base 7) to base 16
3d
What is 33 (base 11) in base 7?
51
What is -10 (base 2) in base 10?
-2
What is 101 (base 3) in base 13?
a
What is -1100 (base 2) in base 11?
-11
Convert -1005 (base 6) to base 11.
-191
What is -24 (base 7) in base 8?
-22
-101 (base 2) to base 4
-11
What is -1 (base 14) in base 7?
-1
10220 (base 3) to base 6
253
3 (base 6) to base 12
3
2 (base 11) to base 12
2
What is -330 (base 4) in base 9?
-66
Convert -20 (base 3) to base 13.
-6
What is 2 (base 7) in base 12?
2
Convert 3 (base 9) to base 16.
3
Convert 4 (base 7) to base 8.
4
Convert -6 (base 16) to base 2.
-110
4 (base 9) to base 12
4
What is -108 (base 15) in base 13?
-14c
Convert 5 (base 12) to base 6.
5
Convert 12 (base 7) to base 13.
9
What is 2 (base 12) in base 10?
2
What is 0 (base 7) in base 9?
0
What is -4 (base 10) in base 14?
-4
What is 1 (base 10) in base 9?
1
Convert -2 (base 8) to base 7.
-2
Convert 2 (base 15) to base 10.
2
What is -44 (base 16) in base 12?
-58
Convert b (base 12) to base 14.
b
-31 (base 10) to base 8
-37
What is 4 (base 15) in base 5?
4
Convert -6 (base 10) to base 5.
-11
What is -1a (base 12) in base 2?
-10110
What is 10 (base 3) in base 2?
11
-9 (base 14) to base 12
-9
57 (base 15) to base 9
101
What is -3 (base 8) in base 14?
-3
20 (base 10) to base 5
40
-425 (base 7) to base 8
-327
Convert 1 (base 13) to base 9.
1
What is -2 (base 7) in base 2?
-10
Convert -10000 (base 2) to base 8.
-20
Convert -1a (base 14) to base 12.
-20
10120 (base 3) to base 13
75
Convert 1 (base 12) to base 9.
1
What is 25 (base 8) in base 14?
17
0 (base 13) to base 6
0
Convert 4 (base 6) to base 13.
4
-3 (base 15) to base 4
-3
22 (base 4) to base 10
10
-2 (base 11) to base 12
-2
-36 (base 14) to base 13
-39
What is -155 (base 9) in base 10?
-131
Convert -11 (base 13) to base 4.
-32
Convert -3 (base 9) to base 11.
-3
What is 104 (base 6) in base 3?
1111
Convert -1 (base 4) to base 12.
-1
100101111 (base 2) to base 12
213
Convert -12 (base 4) to base 11.
-6
Convert 1 (base 15) to base 14.
1
14 (base 16) to base 2
10100
-2 (base 16) to base 2
-10
What is -1 (base 13) in base 10?
-1
Convert 3 (base 11) to base 12.
3
3a (base 11) to base 15
2d
What is -7 (base 11) in base 13?
-7
Convert 3 (base 16) to base 8.
3
Convert -5b (base 16) to base 15.
-61
54 (base 14) to base 13
59
Convert -10 (base 6) to base 14.
-6
Convert -2 (base 5) to base 13.
-2
Convert -10 (base 10) to base 6.
-14
-33 (base 4) to base 9
-16
-a9 (base 11) to base 9
-142
Convert 11 (base 12) to base 5.
23
Convert 3 (base 9) to base 13.
3
What is b8 (base 16) in base 3?
20211
Convert -71 (base 16) to base 6.
-305
What is 23 (base 12) in base 5?
102
302 (base 7) to base 14
a9
-4 (base 6) to base 2
-100
What is 5 (base 8) in base 6?
5
Convert -1 (base 12) to base 7.
-1
Convert -2 (base 5) to base 6.
-2
3 (base 8) to base 16
3
What is 90 (base 10) in base 2?
1011010
-6 (base 13) to base 10
-6
Convert -21 (base 13) to base 4.
-123
What is -a4 (base 11) in base 15?
-79
Convert 2 (base 6) to base 4.
2
13 (base 7) to base 13
a
Convert -11 (base 7) to base 11.
-8
100 (base 3) to base 9
10
Convert -41 (base 5) to base 13.
-18
22 (base 3) to base 11
8
25 (base 6) to base 9
18
Convert -1 (base 16) to base 7.
-1
Convert -15a (base 12) to base 16.
-d6
-1000 (base 2) to base 3
-22
321 (base 4) to base 5
212
What is -35 (base 8) in base 12?
-25
Convert 2 (base 13) to base 3.
2
31 (base 7) to base 9
24
What is 13 (base 6) in base 12?
9
Convert -7 (base 13) to base 4.
-13
What is -2b (base 14) in base 3?
-1110
Convert 2 (base 8) to base 11.
2
-114 (base 16) to base 8
-424